 + 8. Suppose v*w = -2*o + 130, 2*o + 0*w = -3*w + 125. What is the remainder when o is divided by 15?
10
Suppose -177*a + 1190 = -163*a. Calculate the remainder when 675 is divided by a.
80
Suppose -3*c + 21 = 3*h, -30 = -5*h - 2*c - 2*c. Suppose -30 = h*x - 7*x. Calculate the remainder when 18 is divided by x.
0
Suppose 7*m - 19*m - 261 = -15*m. Let z(y) = 21*y**2 - y. Calculate the remainder when m is divided by z(-1).
21
Suppose -3*i = 3*d - 4*i + 10, 4*i + 5 = 3*d. Let b = d - -8. Suppose b*r - 64 = -4*j + 2*j, -4*r - 148 = -4*j. Calculate the remainder when j is divided by 18.
17
Let j(i) = 3 + 0 + 0 - i + 7. Let c be j(8). Suppose 0*m - 16 = -c*m. Calculate the remainder when 29 is divided by m.
5
Let o(p) = -p**2 + 10*p - 2. Let m be o(10). What is the remainder when 35 is divided by (2/m)/(1/(-9))?
8
Suppose 2*c + 3*h - 2*h + 16 = 0, 2*c - 5*h - 8 = 0. Let k(n) = -n**3 - 22*n**2 - 25*n - 38. Calculate the remainder when k(-21) is divided by (3/c)/((-3)/144).
22
Suppose -7*s = -2*s. Suppose 3*c + 44 - 317 = s. Suppose -t + 3*x - 20 = -60, 0 = -3*t - 2*x + 87. What is the remainder when c is divided by t?
29
Let l = -888 + 1037. Calculate the remainder when l is divided by 27.
14
Suppose -2*x + 6 + 16 = 0. Let u = 16 + x. Calculate the remainder when u is divided by (-30)/50*560/(-24).
13
Suppose 0 = -q - 2*x + 8, -2*x + 16 = 3*q. Suppose -3*k = -5*h + 25 - 115, 12 = -q*h. Let p = -84 - -183. Calculate the remainder when p is divided by k.
24
Suppose 0 = 4*u - 2*u - 22. Calculate the remainder when 2/(-17) - 1024/(-34) is divided by u.
8
Let d be ((-312)/20)/(4/(-10)). Let g = -46 - d. Let k = 136 + g. Calculate the remainder when k is divided by 18.
15
Let x(f) = 4*f**2 + 220*f - 894. Let b(n) = n**2 + 6*n + 3. Calculate the remainder when x(4) is divided by b(-8).
12
Suppose 74*y - 4869 = 903. What is the remainder when y is divided by 11 + 1/(-1) - 1?
6
Let t(z) = z**3 + 3*z**2 - 2*z + 4. Let r be t(-3). Suppose 2*y - 19 = a + 40, 2*a + r = 0. What is the remainder when y is divided by (26/6 - 1)*3?
7
Let j(q) = -q**3 - 2*q**2 + q - 2. Let c(a) = -7*a**3 + 2 + 0*a - 6*a**3 + 12*a**3 + 5*a**2 + 6*a. What is the remainder when j(-3) is divided by c(6)?
0
Let u = -375 + 386. Suppose 3*r = 2*q - 21, -2*q - 1 = -2*r - 19. What is the remainder when u is divided by q?
5
Let h = 1962 + -1882. Calculate the remainder when 143 is divided by h.
63
Suppose 5*c + 3 = -2, 3*p - 970 = -2*c. What is the remainder when p is divided by 41?
37
What is the remainder when 15/(525/3170) - 9/(-21) is divided by 32?
27
Let d(q) = 319*q + 1. Let j be d(2). Suppose 0 = -7*h - 198 + j. What is the remainder when h is divided by 13?
11
Let u(b) = b**2 + 5*b - 6. Let y be u(-7). Suppose -3*j + y*j = 25. Suppose r = j*x - 372, r = x - 86 + 10. What is the remainder when x is divided by 19?
17
Suppose q = 5*f + 123 - 30, -5*f = -4*q + 447. What is the remainder when q is divided by 10?
8
Let h(l) = 153*l**3 - 2*l**2 - 4*l - 3. Let z be h(-1). Let i = 193 + z. Calculate the remainder when 113 is divided by i.
35
Let r = -166 - -205. Calculate the remainder when 67 is divided by r.
28
Suppose -4*m + 16 = 4*r, -3*m - 2*r - 3*r = -6. Suppose 0 = 2*h - h - m. Let a = h + -3. Calculate the remainder when 7 is divided by a.
3
Suppose 2*u - 7 + 1 = -o, 5*o - 2*u - 6 = 0. Calculate the remainder when 52 is divided by o.
0
Let x(m) = m**3 + 21*m**2 + 13*m - 40. What is the remainder when 799 is divided by x(-20)?
99
Let c be 1*10 - (10 - 9). Let m(k) = 9*k - 16*k + c + 6*k. What is the remainder when m(3) is divided by 2?
0
Let h(w) be the third derivative of w**5/20 - 5*w**4/24 + w**3/6 + 17*w**2 + w. Calculate the remainder when 101 is divided by h(3).
10
Let h be (1 + -10)/((-3)/(-10)). What is the remainder when 46 is divided by 81/15 - 18/h?
4
Let m(f) = -f**3 + 9*f**2 - 3*f - 9. Let t(r) = r**3 - 6*r**2 + 6*r + 3. Let i be t(5). Let b = 36 - 19. What is the remainder when m(i) is divided by b?
14
Suppose -5*x - 4*l = l - 230, l - 4 = 0. Suppose -x*h + 46*h = 128. Calculate the remainder when 189 is divided by h.
29
Let f(n) = 5*n - 2*n**3 + 3*n**3 + 2*n**2 + 4*n**2. Calculate the remainder when f(-4) is divided by 5.
2
Let f(w) = w**3 - 11*w**2 - 12*w + 11. Calculate the remainder when 107 is divided by f(12).
8
Let x be 3/((-9)/25) - 18/(-54). Calculate the remainder when 144 is divided by (x/(-4) - -31) + -4.
28
Suppose -99 = -6*f + 33. What is the remainder when 395 is divided by f?
21
Let a(o) = -o**3 - 16*o**2 - 12*o + 97. What is the remainder when 1037 is divided by a(-15)?
49
Suppose -3479 = 4*m + 3501. Let r be m/(-65) - (-4)/26. Let q = r - 7. What is the remainder when q is divided by 6?
2
Let d = -72 + 111. Calculate the remainder when 74 is divided by d.
35
Let l(p) = 47*p + 51. Calculate the remainder when 193 is divided by l(-1).
1
Let g(w) = -w**3 + 13*w**2 - 18*w + 13. Let d be g(9). Suppose 2*a = -3*a + 5*i + d, 20 = -5*i. What is the remainder when 122 is divided by a?
29
Suppose 0 = 4*z - z + 6. Let d = 38 - 23. What is the remainder when z/(-9) - 1540/(-36) is divided by d?
13
Let i = -364 - -402. What is the remainder when i is divided by 13?
12
Suppose -3*n = 5*w + 1, 5*n - 3*w - 14 - 41 = 0. What is the remainder when 479 is divided by n?
7
Let u(r) = 114*r + 14. What is the remainder when u(1) is divided by 33?
29
Suppose 30*m - 28*m = 28. Calculate the remainder when 67 is divided by m.
11
Suppose 623 = 10*w + 103. What is the remainder when 70 is divided by w?
18
Let z(b) = -4 + 2*b**2 - 25*b + 15*b - 3*b**2 + 21. Calculate the remainder when 103 is divided by z(-9).
25
Suppose -2*w - 1010 = -4*h, -3*w - 291 = -4*h + 714. What is the remainder when h is divided by 64?
63
Let r = -11 + 18. Calculate the remainder when r is divided by 8 + -5 + 5 + -3 + -1.
3
Suppose -5*w - 3*n + 941 = 0, -4*w - n = -w - 567. Calculate the remainder when w is divided by 22.
14
Let x = -56 - -85. Let u = -111 - -191. What is the remainder when u is divided by x?
22
Let r(c) = c - 7. Let a(i) = -i**3 - 5*i**2 - 5*i - 2. Let b be a(-3). Let q = b + 6. Calculate the remainder when r(8) is divided by q.
0
Let c(n) = -18*n + 145. What is the remainder when 54 is divided by c(6)?
17
Let y be (-102)/18 + 6 + (-202)/(-6). Let q = 46 - y. Suppose -114 = -4*m + 22. Calculate the remainder when m is divided by q.
10
Let d = 231 + -204. Let c(w) = w**2 + 11*w + 16. Calculate the remainder when d is divided by c(-10).
3
Suppose 27*z = 25*z + 8. Suppose 25*v = 27*v - z. What is the remainder when 4 is divided by v?
0
Let w be 17/4 + 9/12. Suppose -w*g + 35 = -10. What is the remainder when 24 is divided by g?
6
Suppose 7*k - 6 = 1905. What is the remainder when k is divided by 71?
60
Suppose w = -2*k + 56, -7*k + 117 = 2*w - 2*k. Let f = 830 + -822. What is the remainder when w is divided by f?
6
Let a = -26 - -6. Calculate the remainder when 80/3*(-75)/a is divided by 34.
32
Let i(k) be the first derivative of 32*k**3/3 - k**2/2 - 2*k + 17. What is the remainder when 154 is divided by i(-1)?
30
Let c(i) = 2*i**3 - i**2 + i + 3. Let z be c(3). Let g = -16 + z. Calculate the remainder when g is divided by (-12)/(-3)*9/2.
17
Calculate the remainder when -5 - (-338 - (7 + -3)) is divided by 9.
4
Suppose -5*z = 4*b - 8*z - 331, -b + 94 = -3*z. Calculate the remainder when b is divided by 18.
7
Suppose -5*k - i = 2*i + 45, -3*k - i - 23 = 0. Let x(o) = o**3 + 8*o**2 + 2*o - 21. What is the remainder when x(-5) is divided by (-110)/(-9) + k/27?
8
Let w = -658 + 699. Calculate the remainder when 62 is divided by w.
21
Let z = 160 + -85. Let p = 247 + -228. Calculate the remainder when z is divided by p.
18
Let b = 7 + -4. Suppose 7*r - 3*r - 3*l = 432, -b*l - 210 = -2*r. What is the remainder when r is divided by 38?
35
Let t = -212 - -239. Calculate the remainder when 51 is divided by t.
24
Let w(y) = y - 10. Let i be w(-16). Let z = 40 + i. Calculate the remainder when z is divided by 3.
2
Let w(x) = x**2 - 2*x + 6. Let t be w(6). Suppose 0*f - t = -5*f + h, 4*h - 12 = -2*f. Suppose 45 = -3*q + f*q. What is the remainder when 58 is divided by q?
13
Let u(n) = 4*n - 10. Let f be 3/2*20/6. What is the remainder when u(f) is divided by 6?
4
Let p be 1/5 + (-168)/15. Let d be (1